{"id":26,"date":"2010-09-23T22:34:34","date_gmt":"2010-09-23T21:34:34","guid":{"rendered":"http:\/\/alupromet.me\/?page_id=26"},"modified":"2012-02-21T10:07:55","modified_gmt":"2012-02-21T09:07:55","slug":"proizvodi","status":"publish","type":"page","link":"https:\/\/alupromet.me\/?page_id=26","title":{"rendered":"Proizvodi"},"content":{"rendered":"<p>Na ovim stranicama mo\u017eete pogledati sve na\u0161e proizvode koji se nalaze u na\u0161em prodajnom programu.<\/p>\n","protected":false},"excerpt":{"rendered":"<p>Na ovim stranicama mo\u017eete pogledati sve na\u0161e proizvode koji se nalaze u na\u0161em prodajnom programu.<\/p>\n","protected":false},"author":2,"featured_media":111,"parent":0,"menu_order":0,"comment_status":"open","ping_status":"open","template":"","meta":{"ngg_post_thumbnail":0},"_links":{"self":[{"href":"https:\/\/alupromet.me\/index.php?rest_route=\/wp\/v2\/pages\/26"}],"collection":[{"href":"https:\/\/alupromet.me\/index.php?rest_route=\/wp\/v2\/pages"}],"about":[{"href":"https:\/\/alupromet.me\/index.php?rest_route=\/wp\/v2\/types\/page"}],"author":[{"embeddable":true,"href":"https:\/\/alupromet.me\/index.php?rest_route=\/wp\/v2\/users\/2"}],"replies":[{"embeddable":true,"href":"https:\/\/alupromet.me\/index.php?rest_route=%2Fwp%2Fv2%2Fcomments&post=26"}],"version-history":[{"count":7,"href":"https:\/\/alupromet.me\/index.php?rest_route=\/wp\/v2\/pages\/26\/revisions"}],"predecessor-version":[{"id":161,"href":"https:\/\/alupromet.me\/index.php?rest_route=\/wp\/v2\/pages\/26\/revisions\/161"}],"wp:featuredmedia":[{"embeddable":true,"href":"https:\/\/alupromet.me\/index.php?rest_route=\/wp\/v2\/media\/111"}],"wp:attachment":[{"href":"https:\/\/alupromet.me\/index.php?rest_route=%2Fwp%2Fv2%2Fmedia&parent=26"}],"curies":[{"name":"wp","href":"https:\/\/api.w.org\/{rel}","templated":true}]}}