{"id":45,"date":"2010-10-20T18:12:33","date_gmt":"2010-10-20T17:12:33","guid":{"rendered":"http:\/\/alupromet.me\/?page_id=45"},"modified":"2012-02-21T10:05:59","modified_gmt":"2012-02-21T09:05:59","slug":"rolo-zavjese","status":"publish","type":"page","link":"https:\/\/alupromet.me\/?page_id=45","title":{"rendered":"Rolo Zavjese"},"content":{"rendered":"<p><a href=\"http:\/\/alupromet.me\/wp-content\/uploads\/2010\/10\/rolozavjese05.jpg\"><img decoding=\"async\" loading=\"lazy\" class=\"alignleft size-thumbnail wp-image-101\" title=\"rolozavjese05\" src=\"http:\/\/alupromet.me\/wp-content\/uploads\/2010\/10\/rolozavjese05-150x150.jpg\" alt=\"\" width=\"150\" height=\"150\" srcset=\"https:\/\/alupromet.me\/wp-content\/uploads\/2010\/10\/rolozavjese05-150x150.jpg 150w, https:\/\/alupromet.me\/wp-content\/uploads\/2010\/10\/rolozavjese05-164x164.jpg 164w, https:\/\/alupromet.me\/wp-content\/uploads\/2010\/10\/rolozavjese05-185x185.jpg 185w\" sizes=\"(max-width: 150px) 100vw, 150px\" \/><\/a>Modernizovane i uvijek atraktivne, Rolo zavjese pru\u017eaju velike mogu\u0107nosti. Mo\u017eete odrediti stepen osvjetljenja prostora u odnosu na izbor materijala. <!--more-->U ponudi su poliester, black-out i screen materijali. Al. flos f24 i f28 sa manuelnom komandom uz pomo\u0107 lan\u010di\u0107a. Monta\u017ea: zid ili plafon.<\/p>\nngg_shortcode_0_placeholder\n","protected":false},"excerpt":{"rendered":"<p>Modernizovane i uvijek atraktivne, Rolo zavjese pru\u017eaju velike mogu\u0107nosti. Mo\u017eete odrediti stepen osvjetljenja prostora u odnosu na izbor materijala.<\/p>\n","protected":false},"author":2,"featured_media":101,"parent":26,"menu_order":11,"comment_status":"open","ping_status":"open","template":"","meta":{"ngg_post_thumbnail":0},"_links":{"self":[{"href":"https:\/\/alupromet.me\/index.php?rest_route=\/wp\/v2\/pages\/45"}],"collection":[{"href":"https:\/\/alupromet.me\/index.php?rest_route=\/wp\/v2\/pages"}],"about":[{"href":"https:\/\/alupromet.me\/index.php?rest_route=\/wp\/v2\/types\/page"}],"author":[{"embeddable":true,"href":"https:\/\/alupromet.me\/index.php?rest_route=\/wp\/v2\/users\/2"}],"replies":[{"embeddable":true,"href":"https:\/\/alupromet.me\/index.php?rest_route=%2Fwp%2Fv2%2Fcomments&post=45"}],"version-history":[{"count":7,"href":"https:\/\/alupromet.me\/index.php?rest_route=\/wp\/v2\/pages\/45\/revisions"}],"predecessor-version":[{"id":70,"href":"https:\/\/alupromet.me\/index.php?rest_route=\/wp\/v2\/pages\/45\/revisions\/70"}],"up":[{"embeddable":true,"href":"https:\/\/alupromet.me\/index.php?rest_route=\/wp\/v2\/pages\/26"}],"wp:featuredmedia":[{"embeddable":true,"href":"https:\/\/alupromet.me\/index.php?rest_route=\/wp\/v2\/media\/101"}],"wp:attachment":[{"href":"https:\/\/alupromet.me\/index.php?rest_route=%2Fwp%2Fv2%2Fmedia&parent=45"}],"curies":[{"name":"wp","href":"https:\/\/api.w.org\/{rel}","templated":true}]}}