{"id":48,"date":"2010-10-20T18:14:58","date_gmt":"2010-10-20T17:14:58","guid":{"rendered":"http:\/\/alupromet.me\/?page_id=48"},"modified":"2012-02-21T10:06:48","modified_gmt":"2012-02-21T09:06:48","slug":"rimske-paketo-zavjese","status":"publish","type":"page","link":"https:\/\/alupromet.me\/?page_id=48","title":{"rendered":"Rimske &#8211; paketo zavjese"},"content":{"rendered":"<p><a href=\"http:\/\/alupromet.me\/wp-content\/uploads\/2010\/10\/rimske02.jpg\"><img decoding=\"async\" loading=\"lazy\" class=\"alignleft size-thumbnail wp-image-109\" title=\"rimske02\" src=\"http:\/\/alupromet.me\/wp-content\/uploads\/2010\/10\/rimske02-150x150.jpg\" alt=\"\" width=\"150\" height=\"150\" srcset=\"https:\/\/alupromet.me\/wp-content\/uploads\/2010\/10\/rimske02-150x150.jpg 150w, https:\/\/alupromet.me\/wp-content\/uploads\/2010\/10\/rimske02-164x164.jpg 164w, https:\/\/alupromet.me\/wp-content\/uploads\/2010\/10\/rimske02-185x185.jpg 185w\" sizes=\"(max-width: 150px) 100vw, 150px\" \/><\/a>Rimske zavjese daju osje\u0107aj luksuza Va\u0161em domu. Inspirisana poslednjim trendom u opremanju enterijera, kolekcija materijala pru\u017ea velike mogu\u0107nosti izbora. <!--more-->ngg_shortcode_0_placeholder<\/p>\n","protected":false},"excerpt":{"rendered":"<p>Rimske zavjese daju osje\u0107aj luksuza Va\u0161em domu. Inspirisana poslednjim trendom u opremanju enterijera, kolekcija materijala pru\u017ea velike mogu\u0107nosti izbora.<\/p>\n","protected":false},"author":2,"featured_media":109,"parent":26,"menu_order":13,"comment_status":"open","ping_status":"open","template":"","meta":{"ngg_post_thumbnail":0},"_links":{"self":[{"href":"https:\/\/alupromet.me\/index.php?rest_route=\/wp\/v2\/pages\/48"}],"collection":[{"href":"https:\/\/alupromet.me\/index.php?rest_route=\/wp\/v2\/pages"}],"about":[{"href":"https:\/\/alupromet.me\/index.php?rest_route=\/wp\/v2\/types\/page"}],"author":[{"embeddable":true,"href":"https:\/\/alupromet.me\/index.php?rest_route=\/wp\/v2\/users\/2"}],"replies":[{"embeddable":true,"href":"https:\/\/alupromet.me\/index.php?rest_route=%2Fwp%2Fv2%2Fcomments&post=48"}],"version-history":[{"count":7,"href":"https:\/\/alupromet.me\/index.php?rest_route=\/wp\/v2\/pages\/48\/revisions"}],"predecessor-version":[{"id":50,"href":"https:\/\/alupromet.me\/index.php?rest_route=\/wp\/v2\/pages\/48\/revisions\/50"}],"up":[{"embeddable":true,"href":"https:\/\/alupromet.me\/index.php?rest_route=\/wp\/v2\/pages\/26"}],"wp:featuredmedia":[{"embeddable":true,"href":"https:\/\/alupromet.me\/index.php?rest_route=\/wp\/v2\/media\/109"}],"wp:attachment":[{"href":"https:\/\/alupromet.me\/index.php?rest_route=%2Fwp%2Fv2%2Fmedia&parent=48"}],"curies":[{"name":"wp","href":"https:\/\/api.w.org\/{rel}","templated":true}]}}